, 19
Suppose -5*w + 5 = 2*s, -5*s + 4*w + 48 = 19. Suppose 7 = -s*f + 27. Suppose -4*j + 25 = -2*a + 3*a, f*a + j - 115 = 0. What are the prime factors of a?
29
Let u = 1395 + -427. List the prime factors of u.
2, 11
Let c be 10/45 - (-2)/(-9). Suppose -2*w = 2*q + q - 15, c = -w + 2*q + 11. Suppose -h = -2*h + w. List the prime factors of h.
3
Let n(o) = o - 9. Let d be n(10). Let h(s) = 36*s**3 + s**2 - 2*s + 1. Let i be h(d). Suppose -52 = -4*j + i. List the prime factors of j.
2, 11
Suppose -32 = -5*y + 133. Suppose -2*s - y = -3*s + 3*r, -78 = -3*s + 2*r. Suppose 4*a = -4*w + s, 3*w = 2*a - 2*w - 47. What are the prime factors of a?
11
Let q(o) = 12*o**2 - 54*o + 527. List the prime factors of q(18).
11, 313
Suppose 2*q = -2*q + 20. Suppose o + 8 - 56 = q*z, 4*o - 3*z - 243 = 0. Suppose -2*n - 5*g = -13 - 60, 2*n + 3*g = o. List the prime factors of n.
2, 3
Suppose -5*x + 19 = -w, x + 0 = 4. Let g = w + 2. Suppose -a - 20 = -d - g*d, d = -a. What are the prime factors of d?
2
Let b = 6615 + -2031. List the prime factors of b.
2, 3, 191
Let d(r) = 3*r**2 - 5*r + 263. List the prime factors of d(-23).
3, 5, 131
Let z(g) be the first derivative of -21*g**2/2 + 2*g - 4. Let p be z(-2). Suppose 13 - p = -m + 2*x, -5*x - 4 = m. List the prime factors of m.
3, 7
Let x(v) = -v**2 + 44*v + 45. What are the prime factors of x(24)?
3, 5, 7
Suppose 4*h - 119 = -s + 86, 4*s - 725 = 3*h. Suppose -n + 6*n = s. What are the prime factors of n?
37
Suppose -30*j - 22*j = -86372. List the prime factors of j.
11, 151
Suppose 0 = -3*c - 4*q - 91, 2*c = -c - 3*q - 90. Let u = 40 + c. List the prime factors of u.
11
Suppose -5*u = -t + 24, 5*u - 1 = -3*t - 9. Suppose -t*s + 120 = 24. What are the prime factors of s?
2, 3
What are the prime factors of (-22508)/102*6/(-4)?
331
Let q = 19 - 17. Let b = -12 + 17. Suppose b = -z + q*z. What are the prime factors of z?
5
Let i be ((-1)/(-2))/(1/(-12)). Let n = 12 + i. What are the prime factors of ((-6)/2)/(n/(-22))?
11
Suppose -3*k = 0, p - 5*k = -p + 6. Let i(c) = 2*c**2 + 2 - 6 + c**2 - c. What are the prime factors of i(p)?
2, 5
Let z be (-60)/((-44)/8 - -4). Let i = 144 - z. What are the prime factors of i?
2, 13
Suppose 5*d - 27 = 103. Suppose -d - 72 = -t. What are the prime factors of t?
2, 7
Suppose 2*a = 7*a + 680. What are the prime factors of (-22)/121 + a/(-22)?
2, 3
Let n be 2/((-6)/3 + 3). Suppose -n*f = u - 4*u - 5, 0 = -3*f + 3*u + 15. What are the prime factors of f?
2, 5
Let w(i) = 3*i + 4. Let d be w(-6). Let q(b) = 25*b**2. Let j be q(1). Let y = d + j. List the prime factors of y.
11
Let b = -45 - -49. Suppose -130 = -r - b*r. What are the prime factors of r?
2, 13
Let m(i) = -i**3 - 4*i**2 + i + 7. Let o be m(-4). Suppose 3*w = 2*p + 8 + 13, 0 = 3*p - o*w + 24. Let t = 36 - p. List the prime factors of t.
3, 13
What are the prime factors of 3 - (-4 + 27/3) - -2064?
2, 1031
Let v = -21 - -1479. Suppose -6*i = -0*i - v. List the prime factors of i.
3
Suppose 3*r - 624 = 327. List the prime factors of r.
317
Suppose -g = -9*g + 1792. What are the prime factors of g?
2, 7
Suppose -17 = 5*s - 192. Let f = 166 - s. List the prime factors of (-8)/40 + f/5.
2, 13
Let r = -12 - -16. Suppose 2*x + 4*u + 144 = 560, -r*x = -u - 823. What are the prime factors of x?
2, 103
Suppose -80*b = -20030 + 4430. What are the prime factors of b?
3, 5, 13
Let k(c) = 4*c + 2. Let y = 12 + -9. Suppose w = 5*w + 2*i + 2, 5*w + y*i + 5 = 0. What are the prime factors of k(w)?
2, 5
Suppose -2*v + 0 + 2 = 0. Let x be (40 + -1)/(1/v). Let k = x - 7. List the prime factors of k.
2
Let n(p) = 2*p**3 - 8*p**2 + 6*p - 8. Let g be n(5). Suppose -3*m + 2*j + g = 0, 3*j = 3*m - 2*j - 63. List the prime factors of m.
2, 13
List the prime factors of ((-168)/(-60))/(288/(-290) + 1).
2, 7, 29
Let o(q) = q**3 - 3*q**2 - 9*q - 27. Let p be o(-6). Let j = p - -431. List the prime factors of j.
2, 67
What are the prime factors of 2412 + (1 - (-5 + -3))?
3, 269
Let z(q) = 15*q**2 - q. Let l(u) = -u**2 + 5*u + 2. Let c be l(5). Suppose 0 = -g - g + c. What are the prime factors of z(g)?
2, 7
Suppose 1549 = 2*f - u + 6*u, -2*f + 2*u = -1542. What are the prime factors of f?
2, 193
Suppose -s - 3*r + 545 = 0, 5*s - 3*r - 1509 = 1252. What are the prime factors of s?
19, 29
Suppose -q = -31 - 420. Suppose -6*l + q = -1235. What are the prime factors of l?
281
Let w be (-2)/(-5) - (-1224)/15. Suppose -2*r + 16 - w = -v, 3*v - r - 178 = 0. What are the prime factors of v?
2, 29
Let x(h) = -h + 11. Let a be x(8). Suppose a*z + 13 = -i + 57, 0 = -5*i + 2*z + 271. List the prime factors of i.
53
List the prime factors of 19/57 - 85152/(-18).
3, 19, 83
Suppose 2*x = -j + 4*j + 13, 5*x - j - 39 = 0. Suppose 0 = -2*p - k + 105, 205 = -4*p + x*p + 3*k. What are the prime factors of p?
5, 11
Suppose 5*r = -5*f - 60, 6 = -r + f - 2. Let t = r + 12. Suppose 0*i + 2*x + 35 = 3*i, -69 = -5*i - t*x. What are the prime factors of i?
13
Suppose -4 = -4*q + 2*q. Suppose -d = q - 12. What are the prime factors of ((-8)/d)/(42/(-105))?
2
Let h be 30/225 + (-86)/(-30). Let z(l) = 9 - 3*l**h + l**2 + 2*l**3 + 2*l**3. What are the prime factors of z(0)?
3
Let g(x) = -266*x - 2. Let w be g(-1). Let p = -95 + w. List the prime factors of p.
13
Let o = 46 + 48. Let u = o - 33. What are the prime factors of u?
61
Suppose z + 4 - 6 = 0. Suppose 274 = z*l + 2*s, -129 = -l - 2*s - s. List the prime factors of l.
3, 47
What are the prime factors of (2/(-1) + -20)/(12/(-312))?
2, 11, 13
Let l(r) = r**2 + 3*r + 4. Let v be l(-3). Suppose v*z + a + 8 - 4 = 0, 0 = a - 4. What are the prime factors of -81*(6 + z)/(-12)?
3
Suppose -9*p = -5*p - 4, 5*s + 4*p - 15579 = 0. List the prime factors of s.
5, 7, 89
Let n(i) = i**3 - 4*i**2 + 5*i - 2. Let u be n(3). Suppose 0*t + u*f + 40 = 2*t, 0 = -4*f - 12. What are the prime factors of t?
2, 7
Let u(l) = -11*l - 274. What are the prime factors of u(-43)?
199
Let w = -1329 + 3145. Suppose -74*m + 66*m + w = 0. What are the prime factors of m?
227
Let l = -76 - -78. Let z be 10*(9/6 - 1). Suppose z*o - 3*p + 7*p = 247, 0 = l*p - 6. List the prime factors of o.
47
Suppose -8 = 3*o - 2*a, -5*a + 2 = -3*o - 9. Let x be ((-21)/(-35))/(o/(-10)). Suppose -5*f + 3*f + 2*h = -60, -5*f = x*h - 174. List the prime factors of f.
3, 11
Let h(a) = -a**3 - 9*a**2 - 3*a - 12. Let c be h(-9). Suppose -7*k = -12*k + c. What are the prime factors of 2 + -5 + k*3?
2, 3
Suppose 3*j = 61*j - 253054. List the prime factors of j.
4363
Suppose k - 6*k = 1160. List the prime factors of 15/(-30)*k/2.
2, 29
Suppose s - 24 = 4*p, -3*s - 7 - 23 = 5*p. Let w be (-3)/(p/9 + 1). What are the prime factors of (60/w)/((-2)/3)?
2, 5
Suppose -2*d + 2108 = -f, -4*d + 4226 = -43*f + 46*f. What are the prime factors of d?
5, 211
Let j(z) = 648*z**3 + 2*z**2 - 6*z + 4. What are the prime factors of j(1)?
2, 3
Suppose 0 = 6*l - 7*l + 5. Let m(o) = o - 2. Let r be m(5). Suppose -5*d + k + 90 = -63, l*d - 149 = r*k. What are the prime factors of d?
31
Let b = 523 + -105. List the prime factors of b.
2, 11, 19
Suppose -231 = -r - 7*l + 12*l, 0 = -r + 3*l + 229. Suppose 3*z = 2*z + r. What are the prime factors of z?
2, 113
Let u = 610 - -609. What are the prime factors of u?
23, 53
Let z(h) = 11*h - 108. Let j be z(10). Let l be (2/2)/(-1)*0. Suppose 199 = -j*c + 6*c - 3*t, l = -4*c - 5*t + 223. List the prime factors of c.
2, 13
Suppose 4*p - p - h = 25, 3*p = 5*h + 41. Let d(a) = a**3 - 5*a**2 + 6*a - 4. List the prime factors of d(p).
2, 17
Suppose 0 = -4*u - 2*s - 782, -2*u + u - 2*s = 203. Let d = u - -359. What are the prime factors of d?
2, 83
What are the prime factors of ((-44)/14)/(19/91371*-6)?
11, 229
Suppose 6 = 2*o - 3*x, 3*o - 8 = x + 8. Suppose o*l - l - 9 = 2*y, -3*y - l = -12. What are the prime factors of y?
3
Suppose 12*f = 9*f + 30. List the prime factors of ((-1092)/(-9))/(f/15).
2, 7, 13
Let l = 289 + -149. Let w be 3/(-2) - l/(-8). Suppose 14*v = w*v - 10. What are the prime factors of v?
5
Let t be 4/(-10) - (-103)/(-5). Let c be t/(6/(-4) + 0). What are the prime factors of ((-68)/(-6))/(c/21)?
17
Let c be (56/(-42))/((-2)/3). Suppose 2*z - 28 = -q, 0 = -4*q + 2*z + c*z + 76. List the prime factors of q.
2, 11
Suppose -110*s + 105*s + 1350 = 0. List 